6)). What are the prime factors of 8/3*1*(-918)/n?
2, 17
Let y be 1/(-4) + 35/(-4). Suppose 39 + 31 = 5*z. Let w = y + z. List the prime factors of w.
5
Let s(x) be the second derivative of x**5/20 - 5*x**4/6 + x**3 + 9*x**2/2 + 4*x. Let h be s(9). Let k = 30 + h. List the prime factors of k.
2, 3
What are the prime factors of 84/(616/888 + 6/(-9))?
2, 3, 7, 37
Suppose -3*j + 2*j = k + 3, k = -5. Suppose 3*a - j*w + 10 = -a, -3*a - 4 = 2*w. What are the prime factors of 14/(-3)*3/a?
7
Let u(b) = b**3 - 21*b**2 - 15*b + 46. What are the prime factors of u(23)?
3, 11, 23
Let p(x) = 2*x - 14. Suppose 0 = 4*y + 8, -3 = -5*o + 3*y + 48. Let z be p(o). What are the prime factors of z*(-2)/(-24)*159?
53
Let w(l) = -190*l + 82. What are the prime factors of w(-2)?
2, 3, 7, 11
Suppose -3*x + 4*k + 0 = -11, x = -5*k - 9. Let y be -5*((-756)/(-10))/3. List the prime factors of (x + -2)*y/7.
2, 3
Let l(r) = 2*r**2 + r - 4. Let h be l(3). Suppose 0 = s + 4*f + 7, -s + 4*f + 37 = 4*s. Suppose h = -s*n + 57. List the prime factors of n.
2
Suppose 6 + 0 = m. Let p(j) = j**3 - 7*j**2 + 6*j - 8. Let a be p(m). Let q = 12 + a. List the prime factors of q.
2
Suppose -4*g - l + 625 + 10379 = 0, 3*g - 8248 = -2*l. What are the prime factors of g?
2, 43
Let l be 8/6*42/28. Let x(g) = -g - l + g**2 + 1 + 11. What are the prime factors of x(-6)?
2, 13
Let y(p) = 6*p. Suppose 2*g + g + 4*n + 1 = 0, 2*g + 4*n = 2. Let v = g + 6. List the prime factors of y(v).
2, 3
Let k = -44 - -150. Let s = k - 50. What are the prime factors of s?
2, 7
Let f(w) = -w**3 + 2*w**3 + 6*w + 6*w - 3*w - 2*w**2. List the prime factors of f(3).
2, 3
Suppose 5*d - 3*z + 4 = -z, 6 = 3*z. Let w = 4 + -1. Suppose -2*c - p = -8, 2*c - w*p - 29 + 5 = d. List the prime factors of c.
2, 3
Let o = -5 + -1. Let k(v) be the first derivative of v**4/4 + 2*v**3 + 8*v - 3. What are the prime factors of k(o)?
2
Let o(q) = q + 5. Let m be o(-3). Let i be (-3 - 141/(-6))*m. Let w = -24 + i. What are the prime factors of w?
17
Let w = 718 - -57. List the prime factors of w.
5, 31
Let x be (-1 - -5)*(6 - 0). Let i = -14 + x. Suppose p + 1 = -5*h, -3*p + 0*h = 2*h - i. List the prime factors of p.
2
Let y be (-22)/(-5) - -2 - 8/20. Suppose y*q - 320 = 106. List the prime factors of q.
71
Let s(r) = -r**3 - 5*r**2 + 5*r + 30. Let n be s(-5). Suppose -n*o - 2*l = -363 - 956, o + l - 262 = 0. List the prime factors of o.
5, 53
Suppose -5*b - 6140 = -4*j, 3*b - 1532 = -j + 5*b. List the prime factors of j.
2, 5, 7, 11
Suppose 3*j - 5*b + 7 + 2 = 0, -4*j + 14 = 2*b. Let z(y) = 0*y**j + 2*y**2 - 1 - 3 + y + 2*y. What are the prime factors of z(-5)?
31
Let p(m) = 10*m**2 - m - 2. Let r(q) = q**2 - 7*q - 7. Let b be r(7). Let o be (-4)/(-14) - 12/b. List the prime factors of p(o).
2, 3
Let w be 4815/(-20) - 1/4. Let r = -465 - w. List the prime factors of (r/24)/((-2)/9).
2, 3, 7
Suppose -3*t = -5*z + 1737, 0*z - 5*t + 353 = z. List the prime factors of z.
2, 3, 29
Suppose n = 2*f - 2721, -2*n + 28 = 22. List the prime factors of f.
2, 3, 227
Suppose 6*g = 3*g. Suppose g = -3*s - s + 284. List the prime factors of s.
71
Suppose -3*w + 4*q = 158, 3*q - 360 = 5*w - 104. Let j = w + 123. What are the prime factors of j?
73
Let l = 4025 - 2530. What are the prime factors of l?
5, 13, 23
Let s = -2 - -7. What are the prime factors of ((-15)/s)/(6/(-4))?
2
What are the prime factors of 99255/115 + (-2)/23?
863
Suppose -3*c = -12 + 21. List the prime factors of 624/36*c/(-2).
2, 13
Let i(z) be the third derivative of -z**6/120 - z**5/5 + 31*z**4/24 - z**3/6 + 4*z**2. What are the prime factors of i(-15)?
11, 19
Suppose 4*z + 4*t = 380, -3*t - 47 = z - 134. List the prime factors of z.
3, 11
Let d = 21 + -42. Let f be d/(-9) + (-2)/(-3). List the prime factors of 9 - 9/(f + -6).
2, 3
Let p(q) = -q + 16. Let j be p(11). Suppose -z = h - 6, 26 = -z + j*h + 8. List the prime factors of z.
2
Suppose 0 = y - 1 + 4. Let s(d) be the second derivative of -3*d**5/20 - 5*d**4/12 - d**3/3 + d**2/2 - 2*d + 9. List the prime factors of s(y).
43
Suppose 4*q - 4*q - 7*q = 0. Suppose q = b, -2*f + 5*b = 2*f - 460. What are the prime factors of f?
5, 23
Let l(m) be the first derivative of -5*m**4/24 + 2*m**3/3 + m**2/2 + 5. Let s(c) be the second derivative of l(c). What are the prime factors of s(-5)?
29
Suppose -4*k + 24 = -20. Let j = k - 8. Suppose j*p + 2 + 1 = 2*w, -2*w = 2*p - 8. List the prime factors of w.
3
Let l be (-2 - 3) + 4 - -202. Let i = 345 - l. What are the prime factors of i?
2, 3
Suppose -v - 4*q = -2, -2*v = -4*q + 23 - 3. What are the prime factors of 231/v*60/(-35)?
2, 3, 11
Let v(h) = -h**2 - 19*h - 18. Let o be v(-19). Let k = 88 + o. List the prime factors of k.
2, 5, 7
Let f(y) = -163*y - 4. Suppose -12*h + 6 = -18*h. List the prime factors of f(h).
3, 53
Let l be 24/8 - 2/2. Suppose 4*r = l*r + 132. Suppose -k + r = k. What are the prime factors of k?
3, 11
Let t = 5 + -5. Suppose 5 = 3*m + 2*m, -2*j + 5*m - 15 = t. Let p(w) = w**2 - 4*w + 6. List the prime factors of p(j).
3, 17
Let j(x) = x**3 - 4*x**2 + x. Let c be j(4). Let o = 95 + c. List the prime factors of o.
3, 11
Suppose -4*h - 5*z = 81, -h + 3*z + 6 = -z. Let f = -11 - h. Suppose 0 = -f*s + 9, -y = -6*y + 2*s + 59. List the prime factors of y.
13
Suppose 6*c = 1411 + 185. List the prime factors of c.
2, 7, 19
List the prime factors of 1261 - (4 + -4 + (4 - -2)).
5, 251
Let a(g) = 4*g**2 + 9*g - 8. Let d(k) = 18*k + 6 - 2*k - 18 + 6*k**2 - 2*k. Let q(s) = -7*a(s) + 5*d(s). What are the prime factors of q(3)?
5, 7
Let n(q) = -29*q**2 - 2*q + 5. Let x(c) = 58*c**2 + 4*c - 11. Let l(y) = -13*n(y) - 6*x(y). Let j = 189 + -190. List the prime factors of l(j).
2, 7
Let r(a) = 11*a**2 - 6*a + 7. What are the prime factors of r(1)?
2, 3
Let s be 468/63 + (-6)/14*1. What are the prime factors of 123 - (2/(-1) + s + -3)?
11
Let o(u) = 8*u**2 + 8*u - 6. Let x(w) = -w**2 + 6*w + 12. Let h be x(8). List the prime factors of o(h).
2, 3, 5
Suppose -2*z + 15 = z. Suppose 0*s = -z*s. Suppose 0 = -g - v + 3, 3*v = s. List the prime factors of g.
3
Let f(i) = -i**3 - 2*i**2 - 2*i + 1. Let h be f(-2). What are the prime factors of h*(-12)/90*(1 + -154)?
2, 3, 17
Let u = 8 - -7. Suppose u = -5*l - 10. Let r(p) = p**2 - p + 1. What are the prime factors of r(l)?
31
Let q = -30 - -15. Let h be (-81)/q + (-6)/15. Suppose 6*d - 37 = h*d. List the prime factors of d.
37
Let o(b) = -4*b**3 - 27*b**2 - 4*b + 8. What are the prime factors of o(-9)?
773
Let x = 842 + 392. What are the prime factors of x?
2, 617
Let i = -919 - -1897. List the prime factors of i.
2, 3, 163
Let f be 940/50 + 2/10. Let b(n) = n + 15. Let z be b(-10). Let o = z + f. What are the prime factors of o?
2, 3
Let p = 19 - -43. Let d = p - -6. What are the prime factors of 1/((-8)/d)*-2?
17
Let c be 3 - 1*0/2. Let j(f) = -2*f - c - 3*f + f - 2*f. What are the prime factors of j(-5)?
3
List the prime factors of 674/(-4)*20/(-10).
337
Suppose -1030 - 1074 = -8*m. List the prime factors of m.
263
Let d(j) = j**3 + 3*j**2 - j - 1. Let z be -2 - (4 - (5 - 2)). Let g be d(z). List the prime factors of 19/g - 5/10.
3
Suppose 0 = 43*y - 79*y + 29160. What are the prime factors of y?
2, 3, 5
Suppose 5*t - 2*m + 355 = 0, 3*t - 3*m = 6*t + 213. Let n be 8/(-20) + 502/5. Let q = t + n. List the prime factors of q.
29
Let h(l) be the first derivative of -l**4/4 + 3*l**2/2 - 8*l + 21. List the prime factors of h(-4).
2, 11
Let a = -1109 + 1708. List the prime factors of a.
599
Let o be -127 + 1 - (-1 + -1). Let n be (-4)/(-12) + o/(-6). Let j = n + -13. What are the prime factors of j?
2
Suppose 2*x - 16 = -2*c, -x - 26 = -3*c - 6*x. What are the prime factors of c + -3 + 0 + 2 + 26?
2
Suppose -8*m = -7*m - 472. Suppose 4*p + m = 8*p. What are the prime factors of p?
2, 59
Let g(c) = c**2 + c - 1. Let a be g(-3). Suppose -a*n = -n - 140. List the prime factors of n.
5, 7
Suppose -5*j = 10, -3*j - 58 = -6*i + 2*i. Let h = i - -78. List the prime factors of h.
7, 13
Suppose -669*o + 98208 = -638*o. What are the prime factors of o?
2, 3, 11
Let m(h) = -h**3 + 21*h**2 - 18*h - 23. Let w(n) = n**2 + 2*n - 15. Let b be w(5). List the prime factors of m(b).
17
Let a = 14 - -9. List the prime factors of 14/(-1)*(-46)/a.
2, 7
Let 